5?
-9834
In base 16, what is 7 - 183?
-17c
In base 8, what is -5 + 6646?
6641
In base 4, what is 1023 - -31?
1120
In base 13, what is 29a7 + 0?
29a7
In base 2, what is -1000101 - -1?
-1000100
In base 8, what is 43 + -2?
41
In base 7, what is 14 - -1002?
1016
In base 5, what is 430 + 0?
430
In base 12, what is -12 - -226?
214
In base 15, what is -22 + 2?
-20
In base 3, what is -10 + 1201?
1121
In base 11, what is -2 + -3155?
-3157
In base 7, what is 10 - -120?
130
In base 2, what is 10 + 111111101101?
111111101111
In base 8, what is 1206 + 5?
1213
In base 12, what is -3 - -16?
13
In base 12, what is -4 - 646?
-64a
In base 13, what is 21 + 1?
22
In base 8, what is 10 + -4?
4
In base 15, what is 28 - 12?
16
In base 7, what is -2233 + -3?
-2236
In base 13, what is 3848 + 4?
384c
In base 4, what is 2003 + -11?
1332
In base 10, what is -10 - 311?
-321
In base 15, what is -1 + -2?
-3
In base 8, what is -755 + 1?
-754
In base 10, what is -13 + -475?
-488
In base 9, what is 204 + 1?
205
In base 13, what is -42 + 9b?
59
In base 16, what is -65 - -8?
-5d
In base 12, what is -1085 - -5?
-1080
In base 13, what is -19 + -2c?
-48
In base 10, what is 1104 - 5?
1099
In base 6, what is 112244 + 5?
112253
In base 13, what is -5 + -27?
-2c
In base 7, what is 315 - -34?
352
In base 13, what is 112 + -4?
10b
In base 6, what is 11301 + 5?
11310
In base 6, what is 45 + -14?
31
In base 6, what is 3 + -2412?
-2405
In base 15, what is -9 + 37?
2d
In base 15, what is 3 + -4b?
-48
In base 9, what is 1 + -36?
-35
In base 7, what is -3212 - 0?
-3212
In base 3, what is -12202 + -1?
-12210
In base 3, what is -211 - -22?
-112
In base 7, what is -4 + -402?
-406
In base 5, what is 10 - -2010?
2020
In base 13, what is -14 - 5cc?
-613
In base 5, what is 3404 + 14?
3423
In base 16, what is -e5 - f?
-f4
In base 12, what is 0 - 3?
-3
In base 6, what is -35 - -3?
-32
In base 11, what is 114 - 0?
114
In base 5, what is -102 + -100?
-202
In base 5, what is -12 + 4041?
4024
In base 12, what is 2 - 418?
-416
In base 9, what is 63 - -6?
70
In base 8, what is 11 + -22?
-11
In base 4, what is 322321 + 10?
322331
In base 13, what is -46b + 1c?
-44c
In base 3, what is 10010 + -22?
2211
In base 10, what is -3 - 184?
-187
In base 10, what is 141 - 5?
136
In base 3, what is 1010100 + 2?
1010102
In base 8, what is -112 + -24?
-136
In base 8, what is -3 + -64?
-67
In base 3, what is -22 - -2?
-20
In base 4, what is -11313 - 1?
-11320
In base 12, what is 4 + 52?
56
In base 12, what is -4 + 15?
11
In base 13, what is 4 - -3?
7
In base 8, what is 21 - -115?
136
In base 12, what is 0 - -9?
9
In base 12, what is 11 + 30?
41
In base 14, what is -5 + c0?
b9
In base 3, what is -12 + -20110?
-20122
In base 2, what is 11011 + 1?
11100
In base 4, what is -1032 + -110?
-1202
In base 11, what is -2473 + 3?
-2470
In base 6, what is 3533 + -13?
3520
In base 11, what is -2 - 200?
-202
In base 16, what is -87 - 3?
-8a
In base 7, what is -2 - -20?
15
In base 4, what is 2 - -322?
330
In base 5, what is -20 - 1?
-21
In base 14, what is 4ca + 2?
4cc
In base 14, what is 65 + 5?
6a
In base 9, what is -367 + -1?
-368
In base 10, what is -46 - -1?
-45
In base 7, what is -10 + 2?
-5
In base 15, what is -1d1 - 2?
-1d3
In base 15, what is -1 + -5a?
-5b
In base 3, what is -12 + -1120102?
-1120121
In base 14, what is -6 + 192?
18a
In base 11, what is -477 - 1?
-478
In base 9, what is 266 + 61?
337
In base 6, what is 24 - 32?
-4
In base 3, what is 100 - -201?
1001
In base 10, what is 2 - 998?
-996
In base 16, what is -4 + -1b?
-1f
In base 8, what is -12 + -241?
-253
In base 3, what is -10 + -110020?
-110100
In base 6, what is 132251 - 5?
132242
In base 14, what is d + 13?
22
In base 16, what is 3 + -ba?
-b7
In base 10, what is 20499 - 4?
20495
In base 10, what is -399 + -5?
-404
In base 5, what is -11200 - 0?
-11200
In base 10, what is 127 - -10?
137
In base 8, what is 2 - 1214?
-1212
In base 12, what is 119 - 4?
115
In base 14, what is -121 - 12?
-133
In base 2, what is 10 - -11111001?
11111011
In base 3, what is -11 + 1002?
221
In base 15, what is e7 + -5?
e2
In base 10, what is 92 - 3?
89
In base 10, what is -21 - -4?
-17
In base 11, what is 524a - 2?
5248
In base 5, what is 3411 - 4?
3402
In base 6, what is -2 - 10?
-12
In base 15, what is -130b - -5?
-1306
In base 9, what is -125 + 11?
-114
In base 13, what is 12 + c00?
c12
In base 5, what is -4 + -321?
-330
In base 2, what is -10 - -100?
10
In base 10, what is -2256 + 1?
-2255
In base 12, what is 45 + 0?
45
In base 10, what is 4 - -369?
373
In base 12, what is -5 + -a3?
-a8
In base 12, what is 247 - -4?
24b
In base 4, what is -21 - -132?
111
In base 7, what is 5 - 12?
-4
In base 7, what is -4 - 56?
-63
In base 12, what is -1 + -1b34?
-1b35
In base 7, what is 23 + -105?
-52
In base 5, what is -3 + -211?
-214
In base 8, what is 3 - -1513?
1516
In base 2, what is -11 - 1101001110?
-1101010001
In base 11, what is 9 - 81?
-73
In base 3, what is -111021 + 1?
-111020
In base 4, what is -3 + -10032?
-10101
In base 12, what is 4 - -126?
12a
In base 16, what is c49 + 2?
c4b
In base 11, what is -57 + -10?
-67
In base 15, what is -5 - -4e?
49
In base 9, what is -32 - 331?
-363
In base 12, what is -279b - 6?
-27a5
In base 6, what is -4 + 13455?
13451
In base 8, what is -12 + 372?
360
In base 3, what is 1 + -1100120?
-1100112
In base 9, what is -43 - -4?
-38
In base 14, what is -56 + -5?
-5b
In base 11, what is -1a - -4a?
30
In base 4, what is -2233113 - 2?
-2233121
In base 8, what is -572 - -3?
-567
In base 12, what is -1 - -129?
128
In base 12, what is -8 - -30?
24
In base 10, what is 1 + 24?
25
In base 12, what is -4 - -9?
5
In base 10, what is -96 - -34?
-62
In base 15, what is 18 + 4?
1c
In base 3, what is 220 + 12?
1002
In base 15, what is 2a + -3b?
-11
In base 11, what is 10 + 8?
18
In base 9, what is 6 + -657?
-651
In base 4, what is -303 - 1?
-310
In base 2, what is 100100011000100 - 11?
100100011000001
In base 16, what is -1 + 8d?
8c
In base 11, what is 5 + -238?
-233
In base 16, what is -26 + 0?
-26
In base 10, what is -61 - -19?
-42
In base 13, what is 1c47 + -4?
1c43
In base 3, what is -112220002 + 2?
-112220000
In base 3, what is 121 + 1001?
1122
In base 16, what is 1 + 30?
31
In base 16, what is ba + -d?
ad
In base 7, what is 11 + 1450?
1461
In base 2, what is 10100 - -1101?
100001
In base 4, what is 0 - -130223?
130223
In base 4, what is 10331333 - -10?
10332003
In base 12, what is 4 + -a0?
-98
In base 14, what is 22 + -15?
b
In base 16, what is -11 - 9?
-1a
In base 8, what is -3 - -120?
115
In base 15, what is -7 + -1e5?
-1ec
In base 3, what is -10 - 20112111?
-20112121
In base 13, what is 29 - 1?
28
In base 14, what is 3 - -17?
1a
In base 10, what is 15 - -340?
355
In base 6, what is -101 + 231?
130
In base 7, what is -63 - 1?
-64
In base 7, what is 133 + -105?
25
In base 12, what is -4 + -57?
-5b
In base 7, what is 515 - 3?
512
In base 6, what is -344 + -205?
-553
In base 14, what is 1128 - -9?
1133
In base 3, what is -12 - 10121120?
-10121202
In base 16, what is -740 + 0?
-740
In base 15, what is 1ec - 4?
1e8
In base 3, what is -220122 - -1?
-220121
In base 6, what is -54 + 5?
-45
In base 8, what is 1 + 15?
16
In base 11, what is -267a + 3?
-2677
In base 13, what is -3770 + 1?
-376c
In base 13, what is 7b - a?
71
In base 5, what is -21 - -13?
-3
In base 8, what is -1325 + -3?
-1330
In base 9, what is -6 + 212?
205
In base 7, what is -11 - 6?
-20
In base 11, what is -2 - 1a?
-21
In base 5, what is 34214 - 3?
34211
In base 9, what is -3311 - -1?
-3310
In base 15, what is 1 - -a4c?
a4d
In base 8, what is 7 + -302?
-273
In base 4, what is -1232 + 103?
-1123
In base 15, what is 0 - -24?
24
In base 10, what is 89 - 1?
88
In base 8, what is 13 + 4214?
4227
In base 16, what is -52 + 2e?
-24
In base 14, what is 3 + -37b?
-378
In base 3, what is 10 - -1022102?
1022112
In base 8, what is 15 - -252?
267
In base 4, what is -22300 + -10?
-22310
In base 4, what is 12 + -113?
-101
In base 15, what is -3 - -208?
205
In base 12, what is -2 - -b1?
ab
In base 2, what is -100110100 + -11?
-100110111
In base 7, what is 3 - -5633?
5636
In base 7, what is 5 + -4246?
-4241
In base 15, what is 8e8 - 1?
8e7
In base 16, what is -75 + 5?
-70
In base 4, what is -11 - 130?
-201
In base 6, wha